
{"id":111,"date":"2016-04-15T16:45:20","date_gmt":"2016-04-15T14:45:20","guid":{"rendered":"http:\/\/przedszkole90.edu.wroclaw.pl\/?page_id=111"},"modified":"2022-11-19T12:21:26","modified_gmt":"2022-11-19T11:21:26","slug":"grupy-2","status":"publish","type":"page","link":"https:\/\/przedszkole90.edu.wroclaw.pl\/index.php\/grupy-2\/","title":{"rendered":"Grupy"},"content":{"rendered":"<div class=\"wpb-content-wrapper\"><p>[vc_row][vc_column][vc_column_text]Uwaga!!! Dost\u0119p wy\u0142\u0105cznie po wpisaniu has\u0142a uzyskanego od Dyrekcji Przedszkola nr 90[\/vc_column_text][\/vc_column][\/vc_row][vc_row][vc_column][vc_btn title=&#8221;Wejd\u017a do grup&#8221; align=&#8221;right&#8221; i_icon_fontawesome=&#8221;fa fa-key&#8221; add_icon=&#8221;true&#8221; link=&#8221;url:%3Fpage_id%3D20||target:%20_blank&#8221;][\/vc_column][\/vc_row][vc_row][vc_column][vc_column_text]<br \/>\n[\/vc_column_text][\/vc_column][\/vc_row]<\/p>\n<\/div>","protected":false},"excerpt":{"rendered":"<p>[vc_row][vc_column][vc_column_text]Uwaga!!! Dost\u0119p wy\u0142\u0105cznie po wpisaniu has\u0142a uzyskanego od Dyrekcji Przedszkola nr 90[\/vc_column_text][\/vc_column][\/vc_row][vc_row][vc_column][vc_btn title=&#8221;Wejd\u017a do grup&#8221; align=&#8221;right&#8221; i_icon_fontawesome=&#8221;fa fa-key&#8221; add_icon=&#8221;true&#8221; link=&#8221;url:%3Fpage_id%3D20||target:%20_blank&#8221;][\/vc_column][\/vc_row][vc_row][vc_column][vc_column_text] [\/vc_column_text][\/vc_column][\/vc_row]<\/p>\n","protected":false},"author":7,"featured_media":0,"parent":0,"menu_order":0,"comment_status":"closed","ping_status":"closed","template":"","meta":{"footnotes":""},"class_list":["post-111","page","type-page","status-publish","hentry","clearfix"],"_links":{"self":[{"href":"https:\/\/przedszkole90.edu.wroclaw.pl\/index.php\/wp-json\/wp\/v2\/pages\/111","targetHints":{"allow":["GET"]}}],"collection":[{"href":"https:\/\/przedszkole90.edu.wroclaw.pl\/index.php\/wp-json\/wp\/v2\/pages"}],"about":[{"href":"https:\/\/przedszkole90.edu.wroclaw.pl\/index.php\/wp-json\/wp\/v2\/types\/page"}],"author":[{"embeddable":true,"href":"https:\/\/przedszkole90.edu.wroclaw.pl\/index.php\/wp-json\/wp\/v2\/users\/7"}],"replies":[{"embeddable":true,"href":"https:\/\/przedszkole90.edu.wroclaw.pl\/index.php\/wp-json\/wp\/v2\/comments?post=111"}],"version-history":[{"count":11,"href":"https:\/\/przedszkole90.edu.wroclaw.pl\/index.php\/wp-json\/wp\/v2\/pages\/111\/revisions"}],"predecessor-version":[{"id":2876,"href":"https:\/\/przedszkole90.edu.wroclaw.pl\/index.php\/wp-json\/wp\/v2\/pages\/111\/revisions\/2876"}],"wp:attachment":[{"href":"https:\/\/przedszkole90.edu.wroclaw.pl\/index.php\/wp-json\/wp\/v2\/media?parent=111"}],"curies":[{"name":"wp","href":"https:\/\/api.w.org\/{rel}","templated":true}]}}