
{"id":186,"date":"2016-04-27T13:41:57","date_gmt":"2016-04-27T11:41:57","guid":{"rendered":"http:\/\/przedszkole90.edu.wroclaw.pl\/?page_id=186"},"modified":"2026-03-09T09:58:24","modified_gmt":"2026-03-09T08:58:24","slug":"programy-i-projekty","status":"publish","type":"page","link":"https:\/\/przedszkole90.edu.wroclaw.pl\/index.php\/programy-i-projekty\/","title":{"rendered":"W czym dzia\u0142amy \u2013 nasze projekty, dzia\u0142ania i wsp\u00f3\u0142praca"},"content":{"rendered":"<div class=\"wpb-content-wrapper\"><p>[vc_row][vc_column][vc_column_text css=&#8221;&#8221;]<\/p>\n<p data-start=\"182\" data-end=\"410\">W naszym przedszkolu stawiamy na wszechstronny rozw\u00f3j dzieci. Bierzemy udzia\u0142 w licznych programach edukacyjnych, projektach spo\u0142ecznych oraz inicjatywach rozwijaj\u0105cych ciekawo\u015b\u0107 \u015bwiata, wra\u017cliwo\u015b\u0107 spo\u0142eczn\u0105 i mi\u0142o\u015b\u0107 do ksi\u0105\u017cek.<\/p>\n<h3 data-start=\"412\" data-end=\"468\">&#x1f4da; Projekty i programy og\u00f3lnopolskie oraz edukacyjne<\/h3>\n<p data-start=\"469\" data-end=\"573\">Bierzemy udzia\u0142 w wielu inicjatywach rozwijaj\u0105cych wiedz\u0119, zdrowe nawyki i wra\u017cliwo\u015b\u0107 na \u015bwiat przyrody:<\/p>\n<ul data-start=\"575\" data-end=\"877\">\n<li data-start=\"575\" data-end=\"598\">\n<p data-start=\"577\" data-end=\"598\">\u201eZdrowo i Sportowo\u201d<\/p>\n<\/li>\n<li data-start=\"599\" data-end=\"617\">\n<p data-start=\"601\" data-end=\"617\">\u201eCzy\u015bciochowo\u201d<\/p>\n<\/li>\n<li data-start=\"618\" data-end=\"641\">\n<p data-start=\"620\" data-end=\"641\">\u201eDzia\u0142aj z Impetem\u201d<\/p>\n<\/li>\n<li data-start=\"642\" data-end=\"668\">\n<p data-start=\"644\" data-end=\"668\">\u201eRok z higien\u0105 Velvet\u201d<\/p>\n<\/li>\n<li data-start=\"669\" data-end=\"692\">\n<p data-start=\"671\" data-end=\"692\">\u201ePi\u0105tka dla natury\u201d<\/p>\n<\/li>\n<li data-start=\"693\" data-end=\"719\">\n<p data-start=\"695\" data-end=\"719\">\u201eDzieciaki w kosmosie\u201d<\/p>\n<\/li>\n<li data-start=\"720\" data-end=\"760\">\n<p data-start=\"722\" data-end=\"760\">og\u00f3lnopolska akcja \u201eSztuka widzenia\u201d<\/p>\n<\/li>\n<li data-start=\"761\" data-end=\"791\">\n<p data-start=\"763\" data-end=\"791\">\u201eCzuciaki z krainy emocji\u201d<\/p>\n<\/li>\n<li data-start=\"792\" data-end=\"826\">\n<p data-start=\"794\" data-end=\"826\">\u201eKubusiowi Przyjaciele Natury\u201d<\/p>\n<\/li>\n<li data-start=\"827\" data-end=\"845\">\n<p data-start=\"829\" data-end=\"845\">\u201eRowerowy Maj\u201d<\/p>\n<\/li>\n<li data-start=\"846\" data-end=\"877\">\n<p data-start=\"848\" data-end=\"877\">\u201eKsi\u0105\u017cka (dla) przedszkolaka\u201d<\/p>\n<\/li>\n<\/ul>\n<h3 data-start=\"879\" data-end=\"921\">&#x1f52c; Nasze autorskie projekty edukacyjne<\/h3>\n<p data-start=\"922\" data-end=\"1020\">Tworzymy r\u00f3wnie\u017c w\u0142asne inicjatywy, kt\u00f3re rozwijaj\u0105 ciekawo\u015b\u0107, kreatywno\u015b\u0107 i samodzielno\u015b\u0107 dzieci:<\/p>\n<ul data-start=\"1022\" data-end=\"1432\">\n<li data-start=\"1022\" data-end=\"1095\">\n<p data-start=\"1024\" data-end=\"1095\"><strong data-start=\"1024\" data-end=\"1055\">\u201eCzwartki z eksperymentami\u201d<\/strong> \u2013 cykl zaj\u0119\u0107 badawczych i do\u015bwiadcze\u0144<\/p>\n<\/li>\n<li data-start=\"1096\" data-end=\"1169\">\n<p data-start=\"1098\" data-end=\"1169\"><strong data-start=\"1098\" data-end=\"1137\">\u201eSpotkania we wroc\u0142awskich muzeach\u201d<\/strong> \u2013 poznawanie kultury i sztuki<\/p>\n<\/li>\n<li data-start=\"1170\" data-end=\"1249\">\n<p data-start=\"1172\" data-end=\"1249\"><strong data-start=\"1172\" data-end=\"1193\">\u201eOdkrywam siebie\u201d<\/strong> \u2013 rozwijanie \u015bwiadomo\u015bci emocji i w\u0142asnych mo\u017cliwo\u015bci<\/p>\n<\/li>\n<li data-start=\"1250\" data-end=\"1317\">\n<p data-start=\"1252\" data-end=\"1317\"><strong data-start=\"1252\" data-end=\"1277\">\u201eEdukacja przez ruch\u201d<\/strong> \u2013 nauka poprzez aktywno\u015b\u0107 i dzia\u0142anie na podstawie metody Edukacja przez ruch Doroty Dziamskiej<\/p>\n<\/li>\n<li data-start=\"1318\" data-end=\"1432\">\n<p data-start=\"1320\" data-end=\"1432\"><strong data-start=\"1320\" data-end=\"1354\">\u201ePrzedszkolak w \u015bwiecie liter\u201d<\/strong> \u2013 wprowadzanie w \u015bwiat czytania na podstawie odimiennej metody nauki czytania<\/p>\n<\/li>\n<\/ul>\n<h3 data-start=\"1434\" data-end=\"1462\">&#x1f3c6; Konkursy i wydarzenia<\/h3>\n<p data-start=\"1463\" data-end=\"1550\">Dzieci ch\u0119tnie bior\u0105 udzia\u0142 w konkursach rozwijaj\u0105cych ich talenty i zainteresowania.<\/p>\n<ul data-start=\"1552\" data-end=\"1893\">\n<li data-start=\"1552\" data-end=\"1616\">\n<p data-start=\"1554\" data-end=\"1616\">uczestniczymy w konkursach <strong data-start=\"1581\" data-end=\"1614\">og\u00f3lnopolskich i wroc\u0142awskich<\/strong><\/p>\n<\/li>\n<li data-start=\"1617\" data-end=\"1719\">\n<p data-start=\"1619\" data-end=\"1719\">organizujemy <strong data-start=\"1632\" data-end=\"1717\">og\u00f3lnopolski konkurs \u201eTouch &amp; Learn\u201d \u2013 sensoryczny s\u0142owniczek j\u0119zyka angielskiego<\/strong><\/p>\n<\/li>\n<li data-start=\"1720\" data-end=\"1817\">\n<p data-start=\"1722\" data-end=\"1817\">organizujemy konkursy <strong data-start=\"1744\" data-end=\"1768\">wewn\u0105trzprzedszkolne<\/strong>: taneczne, recytatorskie, wokalne i plastyczne<\/p>\n<\/li>\n<li data-start=\"1818\" data-end=\"1893\">\n<p data-start=\"1820\" data-end=\"1893\">co roku odbywa si\u0119 konkurs plastyczny <strong data-start=\"1858\" data-end=\"1893\">\u201eNajpi\u0119kniejszy lampion z dyni\u201d<\/strong><\/p>\n<\/li>\n<\/ul>\n<h3 data-start=\"1895\" data-end=\"1924\">&#x2764;&#xfe0f; Dzia\u0142ania charytatywne<\/h3>\n<p data-start=\"1925\" data-end=\"2017\">Uczymy dzieci wra\u017cliwo\u015bci i pomagania innym, dlatego anga\u017cujemy si\u0119 w r\u00f3\u017cne akcje spo\u0142eczne:<\/p>\n<ul data-start=\"2019\" data-end=\"2270\">\n<li data-start=\"2019\" data-end=\"2062\">\n<p data-start=\"2021\" data-end=\"2062\">zbi\u00f3rki dla os\u00f3b w kryzysie bezdomno\u015bci<\/p>\n<\/li>\n<li data-start=\"2063\" data-end=\"2088\">\n<p data-start=\"2065\" data-end=\"2088\">zbi\u00f3rki dla powodzian<\/p>\n<\/li>\n<li data-start=\"2089\" data-end=\"2157\">\n<p data-start=\"2091\" data-end=\"2157\">pomoc dla podopiecznych Towarzystwa Pomocy im. \u015bw. Brata Alberta<\/p>\n<\/li>\n<li data-start=\"2158\" data-end=\"2186\">\n<p data-start=\"2160\" data-end=\"2186\">akcja \u201eAnio\u0142kowe Granie\u201d<\/p>\n<\/li>\n<li data-start=\"2187\" data-end=\"2213\">\n<p data-start=\"2189\" data-end=\"2213\">wsp\u00f3\u0142praca z hospicjum<\/p>\n<\/li>\n<li data-start=\"2214\" data-end=\"2270\">\n<p data-start=\"2216\" data-end=\"2270\">akcja \u015bwi\u0105teczna dla dzieci w Przyl\u0105dku Dobrej Nadziei<\/p>\n<\/li>\n<\/ul>\n<h3 data-start=\"2272\" data-end=\"2314\">&#x1f91d; Wsp\u00f3\u0142praca ze \u015brodowiskiem lokalnym<\/h3>\n<p data-start=\"2315\" data-end=\"2412\">Wsp\u00f3\u0142pracujemy z wieloma instytucjami:<\/p>\n<ul data-start=\"2414\" data-end=\"2604\">\n<li data-start=\"2414\" data-end=\"2449\">\n<p data-start=\"2416\" data-end=\"2449\">Biblioteka Miejska we Wroc\u0142awiu<\/p>\n<\/li>\n<li data-start=\"2450\" data-end=\"2477\">\n<p data-start=\"2452\" data-end=\"2477\">Biblioteka Pedagogiczna<\/p>\n<\/li>\n<li data-start=\"2478\" data-end=\"2495\">\n<p data-start=\"2480\" data-end=\"2495\">Stra\u017c Miejska<\/p>\n<\/li>\n<li data-start=\"2496\" data-end=\"2512\">\n<p data-start=\"2498\" data-end=\"2512\">Rada Osiedla<\/p>\n<\/li>\n<li data-start=\"2513\" data-end=\"2546\">\n<p data-start=\"2515\" data-end=\"2546\">wroc\u0142awskie szko\u0142y podstawowe<\/p>\n<\/li>\n<li data-start=\"2547\" data-end=\"2578\">\n<p data-start=\"2549\" data-end=\"2578\">Liceum nr VIII we Wroc\u0142awiu<\/p>\n<\/li>\n<li data-start=\"2579\" data-end=\"2604\">\n<p data-start=\"2581\" data-end=\"2604\">gabinet stomatologiczny<\/p>\n<\/li>\n<\/ul>\n<h3 data-start=\"2606\" data-end=\"2635\">&#x1f4d6; Promujemy czytelnictwo<\/h3>\n<p data-start=\"2636\" data-end=\"2713\">Mi\u0142o\u015b\u0107 do ksi\u0105\u017cek jest dla nas bardzo wa\u017cna, dlatego uczestniczymy w akcjach:<\/p>\n<ul data-start=\"2715\" data-end=\"2789\">\n<li data-start=\"2715\" data-end=\"2751\">\n<p data-start=\"2717\" data-end=\"2751\"><strong data-start=\"2717\" data-end=\"2749\">\u201eCa\u0142a Polska czyta dzieciom\u201d<\/strong><\/p>\n<\/li>\n<li data-start=\"2752\" data-end=\"2789\">\n<p data-start=\"2754\" data-end=\"2789\"><strong data-start=\"2754\" data-end=\"2787\">\u201eCa\u0142y Wroc\u0142aw czyta dzieciom\u201d<\/strong><\/p>\n<\/li>\n<\/ul>\n<p data-start=\"2791\" data-end=\"2918\">Tworzymy tak\u017ce <strong data-start=\"2806\" data-end=\"2855\">przedszkolny bookcrossing \u2013 \u201eUwolnij ksi\u0105\u017ck\u0119\u201d<\/strong>, dzi\u0119ki kt\u00f3remu dzieci i rodzice mog\u0105 wymienia\u0107 si\u0119 ksi\u0105\u017ckami.<\/p>\n<p data-start=\"2920\" data-end=\"3135\">Dzi\u0119ki udzia\u0142owi w <strong data-start=\"2939\" data-end=\"2987\">Narodowym Programie Rozwoju Czytelnictwa 2.0<\/strong> otrzymali\u015bmy dotacj\u0119 na zakup nowo\u015bci czytelniczych, co pozwoli\u0142o wzbogaci\u0107 nasz\u0105 bibliotek\u0119 przedszkoln\u0105 o wiele warto\u015bciowych ksi\u0105\u017cek dla dzieci.<\/p>\n<h3 data-start=\"3137\" data-end=\"3183\">&#x1f33f; Wydarzenia i dzia\u0142ania dla spo\u0142eczno\u015bci<\/h3>\n<ul data-start=\"3184\" data-end=\"3345\">\n<li data-start=\"3184\" data-end=\"3241\">\n<p data-start=\"3186\" data-end=\"3241\">co roku organizujemy <strong data-start=\"3207\" data-end=\"3239\">rodzinny festyn przedszkolny<\/strong><\/p>\n<\/li>\n<li data-start=\"3242\" data-end=\"3345\">\n<p data-start=\"3244\" data-end=\"3345\">W tym roku prowadzili\u015bmy\u00a0 <strong data-start=\"3255\" data-end=\"3298\">warsztaty dla rodzic\u00f3w \u201eRo\u015bnijmy razem\u201d<\/strong> realizowane we wsp\u00f3\u0142pracy z organizacj\u0105 UNICEF- wi\u0119cej na <a href=\"https:\/\/przedszkole90.edu.wroclaw.pl\/index.php\/2025\/08\/31\/warsztaty-dla-rodzicow-program-rosnijmy-razem\/\">stronie\u00a0<\/a><\/p>\n<\/li>\n<\/ul>\n<p>[\/vc_column_text][\/vc_column][vc_column][\/vc_column][\/vc_row][vc_row][vc_column font_color=&#8221;#dd9933&#8243;][vc_empty_space height=&#8221;10px&#8221;][\/vc_column][\/vc_row][vc_row][vc_column][\/vc_column][\/vc_row]<\/p>\n<\/div>","protected":false},"excerpt":{"rendered":"<p>[vc_row][vc_column][vc_column_text css=&#8221;&#8221;] W naszym przedszkolu stawiamy na wszechstronny rozw\u00f3j dzieci. Bierzemy udzia\u0142 w licznych programach edukacyjnych, projektach spo\u0142ecznych oraz inicjatywach rozwijaj\u0105cych ciekawo\u015b\u0107 \u015bwiata, wra\u017cliwo\u015b\u0107 spo\u0142eczn\u0105 i mi\u0142o\u015b\u0107 do ksi\u0105\u017cek. &#x1f4da; [&hellip;]<\/p>\n","protected":false},"author":7,"featured_media":0,"parent":0,"menu_order":0,"comment_status":"closed","ping_status":"closed","template":"","meta":{"footnotes":""},"class_list":["post-186","page","type-page","status-publish","hentry","clearfix"],"_links":{"self":[{"href":"https:\/\/przedszkole90.edu.wroclaw.pl\/index.php\/wp-json\/wp\/v2\/pages\/186","targetHints":{"allow":["GET"]}}],"collection":[{"href":"https:\/\/przedszkole90.edu.wroclaw.pl\/index.php\/wp-json\/wp\/v2\/pages"}],"about":[{"href":"https:\/\/przedszkole90.edu.wroclaw.pl\/index.php\/wp-json\/wp\/v2\/types\/page"}],"author":[{"embeddable":true,"href":"https:\/\/przedszkole90.edu.wroclaw.pl\/index.php\/wp-json\/wp\/v2\/users\/7"}],"replies":[{"embeddable":true,"href":"https:\/\/przedszkole90.edu.wroclaw.pl\/index.php\/wp-json\/wp\/v2\/comments?post=186"}],"version-history":[{"count":12,"href":"https:\/\/przedszkole90.edu.wroclaw.pl\/index.php\/wp-json\/wp\/v2\/pages\/186\/revisions"}],"predecessor-version":[{"id":4692,"href":"https:\/\/przedszkole90.edu.wroclaw.pl\/index.php\/wp-json\/wp\/v2\/pages\/186\/revisions\/4692"}],"wp:attachment":[{"href":"https:\/\/przedszkole90.edu.wroclaw.pl\/index.php\/wp-json\/wp\/v2\/media?parent=186"}],"curies":[{"name":"wp","href":"https:\/\/api.w.org\/{rel}","templated":true}]}}

W czym działamy – nasze projekty, działania i współpraca

<div class="wpb-content-wrapper"><p>[vc_row][vc_column][vc_column_text css=&#8221;&#8221;]</p>
<p data-start="182" data-end="410">W naszym przedszkolu stawiamy na wszechstronny rozwój dzieci. Bierzemy udział w licznych programach edukacyjnych, projektach społecznych oraz inicjatywach rozwijających ciekawość świata, wrażliwość społeczną i miłość do książek.</p>
<h3 data-start="412" data-end="468">&#x1f4da; Projekty i programy ogólnopolskie oraz edukacyjne</h3>
<p data-start="469" data-end="573">Bierzemy udział w wielu inicjatywach rozwijających wiedzę, zdrowe nawyki i wrażliwość na świat przyrody:</p>
<ul data-start="575" data-end="877">
<li data-start="575" data-end="598">
<p data-start="577" data-end="598">„Zdrowo i Sportowo”</p>
</li>
<li data-start="599" data-end="617">
<p data-start="601" data-end="617">„Czyściochowo”</p>
</li>
<li data-start="618" data-end="641">
<p data-start="620" data-end="641">„Działaj z Impetem”</p>
</li>
<li data-start="642" data-end="668">
<p data-start="644" data-end="668">„Rok z higieną Velvet”</p>
</li>
<li data-start="669" data-end="692">
<p data-start="671" data-end="692">„Piątka dla natury”</p>
</li>
<li data-start="693" data-end="719">
<p data-start="695" data-end="719">„Dzieciaki w kosmosie”</p>
</li>
<li data-start="720" data-end="760">
<p data-start="722" data-end="760">ogólnopolska akcja „Sztuka widzenia”</p>
</li>
<li data-start="761" data-end="791">
<p data-start="763" data-end="791">„Czuciaki z krainy emocji”</p>
</li>
<li data-start="792" data-end="826">
<p data-start="794" data-end="826">„Kubusiowi Przyjaciele Natury”</p>
</li>
<li data-start="827" data-end="845">
<p data-start="829" data-end="845">„Rowerowy Maj”</p>
</li>
<li data-start="846" data-end="877">
<p data-start="848" data-end="877">„Książka (dla) przedszkolaka”</p>
</li>
</ul>
<h3 data-start="879" data-end="921">&#x1f52c; Nasze autorskie projekty edukacyjne</h3>
<p data-start="922" data-end="1020">Tworzymy również własne inicjatywy, które rozwijają ciekawość, kreatywność i samodzielność dzieci:</p>
<ul data-start="1022" data-end="1432">
<li data-start="1022" data-end="1095">
<p data-start="1024" data-end="1095"><strong data-start="1024" data-end="1055">„Czwartki z eksperymentami”</strong> – cykl zajęć badawczych i doświadczeń</p>
</li>
<li data-start="1096" data-end="1169">
<p data-start="1098" data-end="1169"><strong data-start="1098" data-end="1137">„Spotkania we wrocławskich muzeach”</strong> – poznawanie kultury i sztuki</p>
</li>
<li data-start="1170" data-end="1249">
<p data-start="1172" data-end="1249"><strong data-start="1172" data-end="1193">„Odkrywam siebie”</strong> – rozwijanie świadomości emocji i własnych możliwości</p>
</li>
<li data-start="1250" data-end="1317">
<p data-start="1252" data-end="1317"><strong data-start="1252" data-end="1277">„Edukacja przez ruch”</strong> – nauka poprzez aktywność i działanie na podstawie metody Edukacja przez ruch Doroty Dziamskiej</p>
</li>
<li data-start="1318" data-end="1432">
<p data-start="1320" data-end="1432"><strong data-start="1320" data-end="1354">„Przedszkolak w świecie liter”</strong> – wprowadzanie w świat czytania na podstawie odimiennej metody nauki czytania</p>
</li>
</ul>
<h3 data-start="1434" data-end="1462">&#x1f3c6; Konkursy i wydarzenia</h3>
<p data-start="1463" data-end="1550">Dzieci chętnie biorą udział w konkursach rozwijających ich talenty i zainteresowania.</p>
<ul data-start="1552" data-end="1893">
<li data-start="1552" data-end="1616">
<p data-start="1554" data-end="1616">uczestniczymy w konkursach <strong data-start="1581" data-end="1614">ogólnopolskich i wrocławskich</strong></p>
</li>
<li data-start="1617" data-end="1719">
<p data-start="1619" data-end="1719">organizujemy <strong data-start="1632" data-end="1717">ogólnopolski konkurs „Touch &amp; Learn” – sensoryczny słowniczek języka angielskiego</strong></p>
</li>
<li data-start="1720" data-end="1817">
<p data-start="1722" data-end="1817">organizujemy konkursy <strong data-start="1744" data-end="1768">wewnątrzprzedszkolne</strong>: taneczne, recytatorskie, wokalne i plastyczne</p>
</li>
<li data-start="1818" data-end="1893">
<p data-start="1820" data-end="1893">co roku odbywa się konkurs plastyczny <strong data-start="1858" data-end="1893">„Najpiękniejszy lampion z dyni”</strong></p>
</li>
</ul>
<h3 data-start="1895" data-end="1924">&#x2764;&#xfe0f; Działania charytatywne</h3>
<p data-start="1925" data-end="2017">Uczymy dzieci wrażliwości i pomagania innym, dlatego angażujemy się w różne akcje społeczne:</p>
<ul data-start="2019" data-end="2270">
<li data-start="2019" data-end="2062">
<p data-start="2021" data-end="2062">zbiórki dla osób w kryzysie bezdomności</p>
</li>
<li data-start="2063" data-end="2088">
<p data-start="2065" data-end="2088">zbiórki dla powodzian</p>
</li>
<li data-start="2089" data-end="2157">
<p data-start="2091" data-end="2157">pomoc dla podopiecznych Towarzystwa Pomocy im. św. Brata Alberta</p>
</li>
<li data-start="2158" data-end="2186">
<p data-start="2160" data-end="2186">akcja „Aniołkowe Granie”</p>
</li>
<li data-start="2187" data-end="2213">
<p data-start="2189" data-end="2213">współpraca z hospicjum</p>
</li>
<li data-start="2214" data-end="2270">
<p data-start="2216" data-end="2270">akcja świąteczna dla dzieci w Przylądku Dobrej Nadziei</p>
</li>
</ul>
<h3 data-start="2272" data-end="2314">&#x1f91d; Współpraca ze środowiskiem lokalnym</h3>
<p data-start="2315" data-end="2412">Współpracujemy z wieloma instytucjami:</p>
<ul data-start="2414" data-end="2604">
<li data-start="2414" data-end="2449">
<p data-start="2416" data-end="2449">Biblioteka Miejska we Wrocławiu</p>
</li>
<li data-start="2450" data-end="2477">
<p data-start="2452" data-end="2477">Biblioteka Pedagogiczna</p>
</li>
<li data-start="2478" data-end="2495">
<p data-start="2480" data-end="2495">Straż Miejska</p>
</li>
<li data-start="2496" data-end="2512">
<p data-start="2498" data-end="2512">Rada Osiedla</p>
</li>
<li data-start="2513" data-end="2546">
<p data-start="2515" data-end="2546">wrocławskie szkoły podstawowe</p>
</li>
<li data-start="2547" data-end="2578">
<p data-start="2549" data-end="2578">Liceum nr VIII we Wrocławiu</p>
</li>
<li data-start="2579" data-end="2604">
<p data-start="2581" data-end="2604">gabinet stomatologiczny</p>
</li>
</ul>
<h3 data-start="2606" data-end="2635">&#x1f4d6; Promujemy czytelnictwo</h3>
<p data-start="2636" data-end="2713">Miłość do książek jest dla nas bardzo ważna, dlatego uczestniczymy w akcjach:</p>
<ul data-start="2715" data-end="2789">
<li data-start="2715" data-end="2751">
<p data-start="2717" data-end="2751"><strong data-start="2717" data-end="2749">„Cała Polska czyta dzieciom”</strong></p>
</li>
<li data-start="2752" data-end="2789">
<p data-start="2754" data-end="2789"><strong data-start="2754" data-end="2787">„Cały Wrocław czyta dzieciom”</strong></p>
</li>
</ul>
<p data-start="2791" data-end="2918">Tworzymy także <strong data-start="2806" data-end="2855">przedszkolny bookcrossing – „Uwolnij książkę”</strong>, dzięki któremu dzieci i rodzice mogą wymieniać się książkami.</p>
<p data-start="2920" data-end="3135">Dzięki udziałowi w <strong data-start="2939" data-end="2987">Narodowym Programie Rozwoju Czytelnictwa 2.0</strong> otrzymaliśmy dotację na zakup nowości czytelniczych, co pozwoliło wzbogacić naszą bibliotekę przedszkolną o wiele wartościowych książek dla dzieci.</p>
<h3 data-start="3137" data-end="3183">&#x1f33f; Wydarzenia i działania dla społeczności</h3>
<ul data-start="3184" data-end="3345">
<li data-start="3184" data-end="3241">
<p data-start="3186" data-end="3241">co roku organizujemy <strong data-start="3207" data-end="3239">rodzinny festyn przedszkolny</strong></p>
</li>
<li data-start="3242" data-end="3345">
<p data-start="3244" data-end="3345">W tym roku prowadziliśmy  <strong data-start="3255" data-end="3298">warsztaty dla rodziców „Rośnijmy razem”</strong> realizowane we współpracy z organizacją UNICEF- więcej na <a href="https://przedszkole90.edu.wroclaw.pl/index.php/2025/08/31/warsztaty-dla-rodzicow-program-rosnijmy-razem/">stronie </a></p>
</li>
</ul>
<p>[/vc_column_text][/vc_column][vc_column][/vc_column][/vc_row][vc_row][vc_column font_color=&#8221;#dd9933&#8243;][vc_empty_space height=&#8221;10px&#8221;][/vc_column][/vc_row][vc_row][vc_column][/vc_column][/vc_row]</p>
</div>

<p>[vc_row][vc_column][vc_column_text css=&#8221;&#8221;] W naszym przedszkolu stawiamy na wszechstronny rozwój dzieci. Bierzemy udział w licznych programach edukacyjnych, projektach społecznych oraz inicjatywach rozwijających ciekawość świata, wrażliwość społeczną i miłość do książek. &#x1f4da; [&hellip;]</p>
