
{"id":310,"date":"2016-05-05T16:44:48","date_gmt":"2016-05-05T14:44:48","guid":{"rendered":"https:\/\/przedszkole90.edu.wroclaw.pl\/?page_id=310"},"modified":"2026-02-25T22:54:53","modified_gmt":"2026-02-25T21:54:53","slug":"kadra-pedagogiczna","status":"publish","type":"page","link":"https:\/\/przedszkole90.edu.wroclaw.pl\/index.php\/kadra-pedagogiczna\/","title":{"rendered":"Kadra"},"content":{"rendered":"<div class=\"wpb-content-wrapper\"><p>[vc_row][vc_column][vc_column_text css=&#8221;&#8221;]Nauczyciele przedszkola legitymuj\u0105 si\u0119 wykszta\u0142ceniem wy\u017cszym, o kierunku wychowanie przedszkolne.<\/p>\n<p>Systematycznie podnosz\u0105 swoje kwalifikacje zawodowe na kursach, warsztatach i szkoleniach.<\/p>\n<p>&nbsp;<\/p>\n<p><strong><em>Dyrektor:<\/em><\/strong><\/p>\n<ul>\n<li><em>Jolanta Piejko<\/em><\/li>\n<\/ul>\n<p><strong><em>Wicedyrektor:<\/em><\/strong><\/p>\n<ul>\n<li><em>Beata\u00a0Bernaciak<\/em><\/li>\n<\/ul>\n<p><strong><em>Intendent:<\/em><\/strong><\/p>\n<ul>\n<li><em>Bo\u017cena Pasierska<\/em><\/li>\n<\/ul>\n<p>&nbsp;<\/p>\n<p><strong><em>W roku 2025\/2026 z Pa\u0144stwa dzie\u0107mi pracuj\u0105:<\/em><\/strong><\/p>\n<p><strong>Gr. I- Iskierki<\/strong><\/p>\n<p><strong><em>Nauczyciele:<\/em><\/strong><\/p>\n<ul>\n<li><em>Joanna Wr\u00f3blewska (wych.)<\/em><\/li>\n<li><em>Marta Tomczyk (wych.)<\/em><\/li>\n<li><i>Jolanta Piejko (<em>j. angielski)<\/em><\/i><\/li>\n<\/ul>\n<p><strong><em>Pomoc nauczyciela:<\/em><\/strong><\/p>\n<ul>\n<li><em>Jolanta Salomo\u0144ska<\/em><\/li>\n<\/ul>\n<p><strong><em>Pomoc techniczna:<\/em><\/strong><\/p>\n<ul>\n<li><em>Dorota Dulska-Sikora<\/em><\/li>\n<\/ul>\n<p><strong>Gr. II &#8211; Skrzaty<\/strong><\/p>\n<p><strong><em>Nauczyciele:<\/em><\/strong><\/p>\n<ul>\n<li><em>Joanna Sawska (wych.)<\/em><\/li>\n<li><em>Beata Bernaciak (wych.)<\/em><\/li>\n<li><em>Jolanta Piejko (j. angielski)<\/em><\/li>\n<\/ul>\n<p><strong><em>Pomoc nauczyciela:<\/em><\/strong><\/p>\n<ul>\n<li><em>Joanna Krzy\u017canowska<\/em><\/li>\n<\/ul>\n<p><strong><em>Pomoc techniczna:<\/em><\/strong><\/p>\n<ul>\n<li><em>Magdalena Ozga<\/em><\/li>\n<\/ul>\n<p><strong>Gr. III &#8211; Biedronki<\/strong><\/p>\n<p><strong><em>Nauczyciele:<\/em><\/strong><\/p>\n<ul>\n<li><em>Katarzyna Stasinkiewicz (wych.)<\/em><\/li>\n<li><em>Dorota Sutkowska (wych.)<\/em><\/li>\n<li><em>Jolanta Piejko (j. angielski)<\/em><\/li>\n<\/ul>\n<p><strong><em>Pomoc nauczyciela<\/em><\/strong><em>:<\/em><\/p>\n<ul>\n<li><em>Anna Micyga\u0142a<\/em><\/li>\n<\/ul>\n<p><strong><em>Pomoc techniczna<\/em><\/strong><em>:<\/em><\/p>\n<ul>\n<li><em>Oksana Pulkina<\/em><\/li>\n<\/ul>\n<p><strong>Gr. IV &#8211; Kotki<\/strong><\/p>\n<p><strong><em>Nauczyciele:<\/em><\/strong><\/p>\n<ul>\n<li><em>Joanna Biskupek (wych.)<\/em><\/li>\n<li><em>Agnieszka \u017by\u0142a-Szott (wych.)<\/em><\/li>\n<li>El\u017cbieta Szyszkowska (wych.)<\/li>\n<li>Jolanta Piejko (<em> j. angielski)<\/em><\/li>\n<\/ul>\n<p><strong><em>Pomoc nauczyciela:<\/em><\/strong><\/p>\n<ul>\n<li><em>Ewa Bosek<\/em><\/li>\n<\/ul>\n<p><strong><em>Pomoc techniczna:<\/em><\/strong><\/p>\n<ul>\n<li><em>Magdalena Mr\u00f3z<\/em><\/li>\n<\/ul>\n<p><strong>Nauczyciel logopeda:<\/strong><\/p>\n<ul>\n<li><em>Karolina Dar\u017cynkiewicz<\/em><\/li>\n<li><em>Agata Dyja<\/em><\/li>\n<\/ul>\n<p><strong>Pedagog specjalny:<\/strong><\/p>\n<ul>\n<li><em>Kamila Garczarek<\/em><\/li>\n<\/ul>\n<p><strong>Pedagog:<\/strong><\/p>\n<ul>\n<li><em>Beata Bernaciak<\/em><\/li>\n<li>Joanna Biskupek<\/li>\n<\/ul>\n<p><strong>Psycholog:<\/strong><\/p>\n<ul>\n<li><em>Agnieszka Sok\u00f3\u0142<\/em><\/li>\n<\/ul>\n<p><strong>Nauczyciel gimnastyki korekcyjnej:\u00a0<\/strong><\/p>\n<ul>\n<li><em>Ma\u0142gorzata Hajder<\/em><\/li>\n<\/ul>\n<p><strong><em>Kuchnia:<\/em><\/strong><\/p>\n<ul>\n<li><em>Izabela Za\u0142ucka<\/em><\/li>\n<li><em>Magdalena Rasa\u0142a &#8211; Liro<\/em><\/li>\n<\/ul>\n<p><strong><em>Konserwator:<\/em><\/strong><\/p>\n<ul>\n<li><em>Tadeusz G\u0142adki<\/em><\/li>\n<\/ul>\n<p>[\/vc_column_text][\/vc_column][\/vc_row]<\/p>\n<\/div>","protected":false},"excerpt":{"rendered":"<p>[vc_row][vc_column][vc_column_text css=&#8221;&#8221;]Nauczyciele przedszkola legitymuj\u0105 si\u0119 wykszta\u0142ceniem wy\u017cszym, o kierunku wychowanie przedszkolne. Systematycznie podnosz\u0105 swoje kwalifikacje zawodowe na kursach, warsztatach i szkoleniach. &nbsp; Dyrektor: Jolanta Piejko Wicedyrektor: Beata\u00a0Bernaciak Intendent: Bo\u017cena Pasierska [&hellip;]<\/p>\n","protected":false},"author":7,"featured_media":0,"parent":0,"menu_order":0,"comment_status":"closed","ping_status":"closed","template":"","meta":{"footnotes":""},"class_list":["post-310","page","type-page","status-publish","hentry","clearfix"],"_links":{"self":[{"href":"https:\/\/przedszkole90.edu.wroclaw.pl\/index.php\/wp-json\/wp\/v2\/pages\/310","targetHints":{"allow":["GET"]}}],"collection":[{"href":"https:\/\/przedszkole90.edu.wroclaw.pl\/index.php\/wp-json\/wp\/v2\/pages"}],"about":[{"href":"https:\/\/przedszkole90.edu.wroclaw.pl\/index.php\/wp-json\/wp\/v2\/types\/page"}],"author":[{"embeddable":true,"href":"https:\/\/przedszkole90.edu.wroclaw.pl\/index.php\/wp-json\/wp\/v2\/users\/7"}],"replies":[{"embeddable":true,"href":"https:\/\/przedszkole90.edu.wroclaw.pl\/index.php\/wp-json\/wp\/v2\/comments?post=310"}],"version-history":[{"count":33,"href":"https:\/\/przedszkole90.edu.wroclaw.pl\/index.php\/wp-json\/wp\/v2\/pages\/310\/revisions"}],"predecessor-version":[{"id":4636,"href":"https:\/\/przedszkole90.edu.wroclaw.pl\/index.php\/wp-json\/wp\/v2\/pages\/310\/revisions\/4636"}],"wp:attachment":[{"href":"https:\/\/przedszkole90.edu.wroclaw.pl\/index.php\/wp-json\/wp\/v2\/media?parent=310"}],"curies":[{"name":"wp","href":"https:\/\/api.w.org\/{rel}","templated":true}]}}

<div class="wpb-content-wrapper"><p>[vc_row][vc_column][vc_column_text css=&#8221;&#8221;]Nauczyciele przedszkola legitymują się wykształceniem wyższym, o kierunku wychowanie przedszkolne.</p>
<p>Systematycznie podnoszą swoje kwalifikacje zawodowe na kursach, warsztatach i szkoleniach.</p>
<p>&nbsp;</p>
<p><strong><em>Dyrektor:</em></strong></p>
<ul>
<li><em>Jolanta Piejko</em></li>
</ul>
<p><strong><em>Wicedyrektor:</em></strong></p>
<ul>
<li><em>Beata Bernaciak</em></li>
</ul>
<p><strong><em>Intendent:</em></strong></p>
<ul>
<li><em>Bożena Pasierska</em></li>
</ul>
<p>&nbsp;</p>
<p><strong><em>W roku 2025/2026 z Państwa dziećmi pracują:</em></strong></p>
<p><strong>Gr. I- Iskierki</strong></p>
<p><strong><em>Nauczyciele:</em></strong></p>
<ul>
<li><em>Joanna Wróblewska (wych.)</em></li>
<li><em>Marta Tomczyk (wych.)</em></li>
<li><i>Jolanta Piejko (<em>j. angielski)</em></i></li>
</ul>
<p><strong><em>Pomoc nauczyciela:</em></strong></p>
<ul>
<li><em>Jolanta Salomońska</em></li>
</ul>
<p><strong><em>Pomoc techniczna:</em></strong></p>
<ul>
<li><em>Dorota Dulska-Sikora</em></li>
</ul>
<p><strong>Gr. II &#8211; Skrzaty</strong></p>
<p><strong><em>Nauczyciele:</em></strong></p>
<ul>
<li><em>Joanna Sawska (wych.)</em></li>
<li><em>Beata Bernaciak (wych.)</em></li>
<li><em>Jolanta Piejko (j. angielski)</em></li>
</ul>
<p><strong><em>Pomoc nauczyciela:</em></strong></p>
<ul>
<li><em>Joanna Krzyżanowska</em></li>
</ul>
<p><strong><em>Pomoc techniczna:</em></strong></p>
<ul>
<li><em>Magdalena Ozga</em></li>
</ul>
<p><strong>Gr. III &#8211; Biedronki</strong></p>
<p><strong><em>Nauczyciele:</em></strong></p>
<ul>
<li><em>Katarzyna Stasinkiewicz (wych.)</em></li>
<li><em>Dorota Sutkowska (wych.)</em></li>
<li><em>Jolanta Piejko (j. angielski)</em></li>
</ul>
<p><strong><em>Pomoc nauczyciela</em></strong><em>:</em></p>
<ul>
<li><em>Anna Micygała</em></li>
</ul>
<p><strong><em>Pomoc techniczna</em></strong><em>:</em></p>
<ul>
<li><em>Oksana Pulkina</em></li>
</ul>
<p><strong>Gr. IV &#8211; Kotki</strong></p>
<p><strong><em>Nauczyciele:</em></strong></p>
<ul>
<li><em>Joanna Biskupek (wych.)</em></li>
<li><em>Agnieszka Żyła-Szott (wych.)</em></li>
<li>Elżbieta Szyszkowska (wych.)</li>
<li>Jolanta Piejko (<em> j. angielski)</em></li>
</ul>
<p><strong><em>Pomoc nauczyciela:</em></strong></p>
<ul>
<li><em>Ewa Bosek</em></li>
</ul>
<p><strong><em>Pomoc techniczna:</em></strong></p>
<ul>
<li><em>Magdalena Mróz</em></li>
</ul>
<p><strong>Nauczyciel logopeda:</strong></p>
<ul>
<li><em>Karolina Darżynkiewicz</em></li>
<li><em>Agata Dyja</em></li>
</ul>
<p><strong>Pedagog specjalny:</strong></p>
<ul>
<li><em>Kamila Garczarek</em></li>
</ul>
<p><strong>Pedagog:</strong></p>
<ul>
<li><em>Beata Bernaciak</em></li>
<li>Joanna Biskupek</li>
</ul>
<p><strong>Psycholog:</strong></p>
<ul>
<li><em>Agnieszka Sokół</em></li>
</ul>
<p><strong>Nauczyciel gimnastyki korekcyjnej: </strong></p>
<ul>
<li><em>Małgorzata Hajder</em></li>
</ul>
<p><strong><em>Kuchnia:</em></strong></p>
<ul>
<li><em>Izabela Załucka</em></li>
<li><em>Magdalena Rasała &#8211; Liro</em></li>
</ul>
<p><strong><em>Konserwator:</em></strong></p>
<ul>
<li><em>Tadeusz Gładki</em></li>
</ul>
<p>[/vc_column_text][/vc_column][/vc_row]</p>
</div>

<p>[vc_row][vc_column][vc_column_text css=&#8221;&#8221;]Nauczyciele przedszkola legitymują się wykształceniem wyższym, o kierunku wychowanie przedszkolne. Systematycznie podnoszą swoje kwalifikacje zawodowe na kursach, warsztatach i szkoleniach. &nbsp; Dyrektor: Jolanta Piejko Wicedyrektor: Beata Bernaciak Intendent: Bożena Pasierska [&hellip;]</p>
